
{"id":144,"date":"2020-04-27T08:36:44","date_gmt":"2020-04-27T08:36:44","guid":{"rendered":"https:\/\/bridge358.qodeinteractive.com\/?page_id=7"},"modified":"2023-06-01T20:11:12","modified_gmt":"2023-06-01T18:11:12","slug":"home","status":"publish","type":"page","link":"https:\/\/webparamiboda.com\/emiliayrafaelejemplo\/","title":{"rendered":"Home"},"content":{"rendered":"\t\t<div data-elementor-type=\"wp-page\" data-elementor-id=\"144\" class=\"elementor elementor-144\">\n\t\t\t\t\t\t\t\t\t<section class=\"elementor-section elementor-top-section elementor-element elementor-element-286f1a9 elementor-section-full_width elementor-section-height-default elementor-section-height-default parallax_section_no qode_elementor_container_no\" data-id=\"286f1a9\" data-element_type=\"section\">\n\t\t\t\t\t\t<div class=\"elementor-container elementor-column-gap-no\">\n\t\t\t\t\t<div class=\"elementor-column elementor-col-100 elementor-top-column elementor-element elementor-element-060a7d4\" data-id=\"060a7d4\" data-element_type=\"column\">\n\t\t\t<div class=\"elementor-widget-wrap elementor-element-populated\">\n\t\t\t\t\t\t\t\t<div class=\"elementor-element elementor-element-3aeeaa2 elementor-widget elementor-widget-slider_revolution\" data-id=\"3aeeaa2\" data-element_type=\"widget\" data-widget_type=\"slider_revolution.default\">\n\t\t\t\t<div class=\"elementor-widget-container\">\n\t\t\t\r\n\t\t<div class=\"wp-block-themepunch-revslider\">\n\t\t\t<!-- START HomeSlider REVOLUTION SLIDER 6.6.12 --><p class=\"rs-p-wp-fix\"><\/p>\n\t\t\t<rs-module-wrap id=\"rev_slider_1_1_wrapper\" data-source=\"gallery\" style=\"visibility:hidden;background:#c3c2bd;padding:0;margin:0px auto;margin-top:0;margin-bottom:0;\">\n\t\t\t\t<rs-module id=\"rev_slider_1_1\" style=\"\" data-version=\"6.6.12\">\n\t\t\t\t\t<rs-slides style=\"overflow: hidden; position: absolute;\">\n\t\t\t\t\t\t<rs-slide style=\"position: absolute;\" data-key=\"rs-1\" data-title=\"Slide\" data-thumb=\"\/\/webparamiboda.com\/emiliayrafaelejemplo\/wp-content\/uploads\/2023\/06\/mujer-mayor-sorprendida-que-mira-caja-regalo-dada-su-marido-cama-50x100.jpg\" data-in=\"o:0;\" data-out=\"a:false;\" data-p1=\"2\" data-p2=\"3\">\n\t\t\t\t\t\t\t<img decoding=\"async\" src=\"\/\/webparamiboda.com\/emiliayrafaelejemplo\/wp-content\/plugins\/revslider\/public\/assets\/assets\/dummy.png\" alt=\"\" title=\"mujer-mayor-sorprendida-que-mira-caja-regalo-dada-su-marido-cama\" width=\"1850\" height=\"993\" class=\"rev-slidebg tp-rs-img rs-lazyload\" data-lazyload=\"\/\/webparamiboda.com\/emiliayrafaelejemplo\/wp-content\/uploads\/2023\/06\/mujer-mayor-sorprendida-que-mira-caja-regalo-dada-su-marido-cama.jpg\" data-no-retina>\n<!---->\t\t\t\t\t\t<\/rs-slide>\n\t\t\t\t\t\t<rs-slide style=\"position: absolute;\" data-key=\"rs-2\" data-title=\"Slide\" data-thumb=\"\/\/webparamiboda.com\/emiliayrafaelejemplo\/wp-content\/uploads\/2023\/06\/pareja-ancianos-sentados-jardin-verano-cosecha-50x100.jpg\" data-in=\"o:0;\" data-out=\"a:false;\" data-p1=\"2\" data-p2=\"3\">\n\t\t\t\t\t\t\t<img decoding=\"async\" src=\"\/\/webparamiboda.com\/emiliayrafaelejemplo\/wp-content\/plugins\/revslider\/public\/assets\/assets\/dummy.png\" alt=\"\" title=\"pareja-ancianos-sentados-jardin-verano-cosecha\" width=\"1850\" height=\"993\" class=\"rev-slidebg tp-rs-img rs-lazyload\" data-lazyload=\"\/\/webparamiboda.com\/emiliayrafaelejemplo\/wp-content\/uploads\/2023\/06\/pareja-ancianos-sentados-jardin-verano-cosecha.jpg\" data-no-retina>\n<!---->\t\t\t\t\t\t<\/rs-slide>\n\t\t\t\t\t\t<rs-slide style=\"position: absolute;\" data-key=\"rs-3\" data-title=\"Slide\" data-thumb=\"\/\/webparamiboda.com\/emiliayrafaelejemplo\/wp-content\/uploads\/2023\/06\/novia-novio-besan-dia-boda-50x100.jpg\" data-in=\"o:0;\" data-out=\"a:false;\" data-p1=\"2\" data-p2=\"3\">\n\t\t\t\t\t\t\t<img decoding=\"async\" src=\"\/\/webparamiboda.com\/emiliayrafaelejemplo\/wp-content\/plugins\/revslider\/public\/assets\/assets\/dummy.png\" alt=\"\" title=\"novia-novio-besan-dia-boda\" width=\"1850\" height=\"993\" class=\"rev-slidebg tp-rs-img rs-lazyload\" data-lazyload=\"\/\/webparamiboda.com\/emiliayrafaelejemplo\/wp-content\/uploads\/2023\/06\/novia-novio-besan-dia-boda.jpg\" data-no-retina>\n<!---->\t\t\t\t\t\t<\/rs-slide>\n\t\t\t\t\t<\/rs-slides>\n\t\t\t\t\t<rs-static-layers><!--\n\n\t\t\t\t\t\t\t--><rs-layer\n\t\t\t\t\t\t\t\tid=\"slider-1-slide-1-layer-8\" \n\t\t\t\t\t\t\t\tclass=\"rs-layer-static\"\n\t\t\t\t\t\t\t\tdata-type=\"image\"\n\t\t\t\t\t\t\t\tdata-xy=\"x:c;y:m;yo:-30px;\"\n\t\t\t\t\t\t\t\tdata-text=\"w:normal;\"\n\t\t\t\t\t\t\t\tdata-dim=\"w:786px,786px,505px,286px;h:192px,192px,123px,69px;\"\n\t\t\t\t\t\t\t\tdata-basealign=\"slide\"\n\t\t\t\t\t\t\t\tdata-rsp_o=\"off\"\n\t\t\t\t\t\t\t\tdata-rsp_bd=\"off\"\n\t\t\t\t\t\t\t\tdata-onslides=\"s:1;\"\n\t\t\t\t\t\t\t\tdata-frame_0=\"y:50;\"\n\t\t\t\t\t\t\t\tdata-frame_1=\"e:power1.out;st:300;sp:500;\"\n\t\t\t\t\t\t\t\tdata-frame_999=\"o:0;st:w;\"\n\t\t\t\t\t\t\t\tstyle=\"z-index:5;\"\n\t\t\t\t\t\t\t><img decoding=\"async\" src=\"\/\/webparamiboda.com\/emiliayrafaelejemplo\/wp-content\/plugins\/revslider\/public\/assets\/assets\/dummy.png\" alt=\"\" class=\"tp-rs-img rs-lazyload\" width=\"786\" height=\"192\" data-lazyload=\"\/\/webparamiboda.com\/emiliayrafaelejemplo\/wp-content\/uploads\/2023\/06\/Home-Tu-y-yo-solo-nosotros-dos.png\" data-no-retina> \n\t\t\t\t\t\t\t<\/rs-layer><!--\n\n\t\t\t\t\t\t\t--><rs-layer\n\t\t\t\t\t\t\t\tid=\"slider-1-slide-1-layer-10\" \n\t\t\t\t\t\t\t\tclass=\"rs-layer-static\"\n\t\t\t\t\t\t\t\tdata-type=\"text\"\n\t\t\t\t\t\t\t\tdata-color=\"#676458\"\n\t\t\t\t\t\t\t\tdata-xy=\"x:c;xo:123px,123px,103px,73px;y:m;yo:61px,61px,31px,11px;\"\n\t\t\t\t\t\t\t\tdata-text=\"w:normal;s:24;l:34;\"\n\t\t\t\t\t\t\t\tdata-basealign=\"slide\"\n\t\t\t\t\t\t\t\tdata-rsp_o=\"off\"\n\t\t\t\t\t\t\t\tdata-rsp_bd=\"off\"\n\t\t\t\t\t\t\t\tdata-onslides=\"s:1;\"\n\t\t\t\t\t\t\t\tdata-frame_0=\"y:50;\"\n\t\t\t\t\t\t\t\tdata-frame_1=\"e:power1.out;st:500;sp:500;\"\n\t\t\t\t\t\t\t\tdata-frame_999=\"o:0;e:power1.out;st:w;\"\n\t\t\t\t\t\t\t\tstyle=\"z-index:6;font-family:'Cormorant Garamond';font-weight:400;\"\n\t\t\t\t\t\t\t>07. 09. 2024. \n\t\t\t\t\t\t\t<\/rs-layer><!--\n\t\t\t\t\t--><\/rs-static-layers>\n\t\t\t\t<\/rs-module>\n\t\t\t\t<script>\n\t\t\t\t\tsetREVStartSize({c: 'rev_slider_1_1',rl:[1240,1024,778,480],el:[977,600,677,677],gw:[1240,1024,778,480],gh:[977,600,677,677],type:'standard',justify:'',layout:'fullwidth',mh:\"0\"});if (window.RS_MODULES!==undefined && window.RS_MODULES.modules!==undefined && window.RS_MODULES.modules[\"revslider11\"]!==undefined) {window.RS_MODULES.modules[\"revslider11\"].once = false;window.revapi1 = undefined;if (window.RS_MODULES.checkMinimal!==undefined) window.RS_MODULES.checkMinimal()}\n\t\t\t\t<\/script>\n\t\t\t<\/rs-module-wrap>\n\t\t\t<!-- END REVOLUTION SLIDER -->\n<\/div>\r\n\r\n\t\t\t\t<\/div>\n\t\t\t\t<\/div>\n\t\t\t\t\t<\/div>\n\t\t<\/div>\n\t\t\t\t\t\t\t<\/div>\n\t\t<\/section>\n\t\t\t\t<section class=\"elementor-section elementor-top-section elementor-element elementor-element-c6f251c qode_elementor_container_inner elementor-section-boxed elementor-section-height-default elementor-section-height-default parallax_section_no\" data-id=\"c6f251c\" data-element_type=\"section\">\n\t\t\t\t\t\t<div class=\"elementor-container elementor-column-gap-no\">\n\t\t\t\t\t<div class=\"elementor-column elementor-col-100 elementor-top-column elementor-element elementor-element-1824c8a\" data-id=\"1824c8a\" data-element_type=\"column\">\n\t\t\t<div class=\"elementor-widget-wrap elementor-element-populated\">\n\t\t\t\t\t\t\t\t<div class=\"elementor-element elementor-element-52afff4 elementor-widget elementor-widget-text-editor\" data-id=\"52afff4\" data-element_type=\"widget\" data-widget_type=\"text-editor.default\">\n\t\t\t\t<div class=\"elementor-widget-container\">\n\t\t\t<style>\/*! elementor - v3.13.3 - 28-05-2023 *\/\n.elementor-widget-text-editor.elementor-drop-cap-view-stacked .elementor-drop-cap{background-color:#69727d;color:#fff}.elementor-widget-text-editor.elementor-drop-cap-view-framed .elementor-drop-cap{color:#69727d;border:3px solid;background-color:transparent}.elementor-widget-text-editor:not(.elementor-drop-cap-view-default) .elementor-drop-cap{margin-top:8px}.elementor-widget-text-editor:not(.elementor-drop-cap-view-default) .elementor-drop-cap-letter{width:1em;height:1em}.elementor-widget-text-editor .elementor-drop-cap{float:left;text-align:center;line-height:1;font-size:50px}.elementor-widget-text-editor .elementor-drop-cap-letter{display:inline-block}<\/style>\t\t\t\t<h5 style=\"text-align: center;\">El comienzo de un amor verdadero<\/h5>\t\t\t\t\t\t<\/div>\n\t\t\t\t<\/div>\n\t\t\t\t<div class=\"elementor-element elementor-element-11bbc85 elementor-widget elementor-widget-text-editor\" data-id=\"11bbc85\" data-element_type=\"widget\" data-widget_type=\"text-editor.default\">\n\t\t\t\t<div class=\"elementor-widget-container\">\n\t\t\t\t\t\t\t<h1 style=\"text-align: center;\">El timeline de nuestra historia<\/h1>\t\t\t\t\t\t<\/div>\n\t\t\t\t<\/div>\n\t\t\t\t<div class=\"elementor-element elementor-element-41d4fa9 elementor-widget elementor-widget-image\" data-id=\"41d4fa9\" data-element_type=\"widget\" data-widget_type=\"image.default\">\n\t\t\t\t<div class=\"elementor-widget-container\">\n\t\t\t<style>\/*! elementor - v3.13.3 - 28-05-2023 *\/\n.elementor-widget-image{text-align:center}.elementor-widget-image a{display:inline-block}.elementor-widget-image a img[src$=\".svg\"]{width:48px}.elementor-widget-image img{vertical-align:middle;display:inline-block}<\/style>\t\t\t\t\t\t\t\t\t\t\t\t<img loading=\"lazy\" decoding=\"async\" width=\"139\" height=\"16\" src=\"https:\/\/webparamiboda.com\/emiliayrafaelejemplo\/wp-content\/uploads\/2020\/04\/separator.png\" class=\"attachment-full size-full wp-image-21\" alt=\"m\" \/>\t\t\t\t\t\t\t\t\t\t\t\t\t\t\t<\/div>\n\t\t\t\t<\/div>\n\t\t\t\t<div class=\"elementor-element elementor-element-8afbc5f elementor-widget elementor-widget-text-editor\" data-id=\"8afbc5f\" data-element_type=\"widget\" data-widget_type=\"text-editor.default\">\n\t\t\t\t<div class=\"elementor-widget-container\">\n\t\t\t\t\t\t\t<h4 style=\"text-align: center;\">Conoce c\u00f3mo surgi\u00f3 esta maravillosa historia de amor, que alcanzar\u00e1 un nuevo cambio de etapa en Septiembre de 2024, y queremos que seas testigo de ello.<\/h4>\t\t\t\t\t\t<\/div>\n\t\t\t\t<\/div>\n\t\t\t\t\t<\/div>\n\t\t<\/div>\n\t\t\t\t\t\t\t<\/div>\n\t\t<\/section>\n\t\t\t\t<section class=\"elementor-section elementor-top-section elementor-element elementor-element-7ebb2e0 elementor-section-full_width elementor-section-height-default elementor-section-height-default parallax_section_no qode_elementor_container_no\" data-id=\"7ebb2e0\" data-element_type=\"section\">\n\t\t\t\t\t\t<div class=\"elementor-container elementor-column-gap-no\">\n\t\t\t\t\t<div class=\"elementor-column elementor-col-100 elementor-top-column elementor-element elementor-element-5cc3faa\" data-id=\"5cc3faa\" data-element_type=\"column\">\n\t\t\t<div class=\"elementor-widget-wrap elementor-element-populated\">\n\t\t\t\t\t\t\t\t<div class=\"elementor-element elementor-element-0cae995 elementor-widget elementor-widget-bridge_workflow\" data-id=\"0cae995\" data-element_type=\"widget\" data-widget_type=\"bridge_workflow.default\">\n\t\t\t\t<div class=\"elementor-widget-container\">\n\t\t\t\n        <div class=\"qode-workflow  qode-workflow-animate\">\n            <span class=\"main-line\" style=\"background-color:#DAD9D5;\"><\/span>\n            <div class=\"qode-workflow-item\">\n    <span class=\"line\" style=\"background-color:#858274;\"><\/span>\n    <div class=\"qode-workflow-item-inner \">\n        <div class=\"qode-workflow-image right\">\n            <img loading=\"lazy\" decoding=\"async\" width=\"585\" height=\"350\" src=\"https:\/\/webparamiboda.com\/emiliayrafaelejemplo\/wp-content\/uploads\/2023\/06\/adorable-pareja-senior-haciendo-picnic-al-aire-libre.jpg\" class=\"attachment-full size-full\" alt=\"\" srcset=\"https:\/\/webparamiboda.com\/emiliayrafaelejemplo\/wp-content\/uploads\/2023\/06\/adorable-pareja-senior-haciendo-picnic-al-aire-libre.jpg 585w, https:\/\/webparamiboda.com\/emiliayrafaelejemplo\/wp-content\/uploads\/2023\/06\/adorable-pareja-senior-haciendo-picnic-al-aire-libre-300x179.jpg 300w\" sizes=\"auto, (max-width: 585px) 100vw, 585px\" \/>        <\/div>\n        <div class=\"qode-workflow-text\">\n            <span class=\"circle\" style=\"border-color:#858274;background-color:#858274;\"><\/span>\n                            <h2>C\u00f3mo nos conocimos<\/h2>\n                                        <h3 class=\"qode-workflow-subtitle\">29. 03. 2019.<\/h3>\n                                        <p class=\"text\"> En el crep\u00fasculo dorado, Emilia y Rafael se encontraron. Dos almas cansadas, pero llenas de anhelo. Sus miradas se entrelazaron como estrellas en el cielo, y en ese instante m\u00e1gico, el tiempo se detuvo. Descubrieron que el amor no tiene edad ni arrugas, solo un poder inmenso para sanar heridas y encender pasiones. Juntos, tejieron un nuevo lienzo, donde la nostalgia se volvi\u00f3 sue\u00f1os compartidos. Y as\u00ed, en el ocaso de sus vidas, hallaron la paz y la eternidad en un amor que nunca fue demasiado tarde.<\/p>\n                    <\/div>\n    <\/div>\n<\/div>\n<div class=\"qode-workflow-item\">\n    <span class=\"line\" style=\"background-color:#858274;\"><\/span>\n    <div class=\"qode-workflow-item-inner reverse\">\n        <div class=\"qode-workflow-image right\">\n            <img loading=\"lazy\" decoding=\"async\" width=\"585\" height=\"350\" src=\"https:\/\/webparamiboda.com\/emiliayrafaelejemplo\/wp-content\/uploads\/2023\/06\/2-adorable-pareja-senior-algo-tiempo-calidad-al-aire-libre.jpg\" class=\"attachment-full size-full\" alt=\"\" srcset=\"https:\/\/webparamiboda.com\/emiliayrafaelejemplo\/wp-content\/uploads\/2023\/06\/2-adorable-pareja-senior-algo-tiempo-calidad-al-aire-libre.jpg 585w, https:\/\/webparamiboda.com\/emiliayrafaelejemplo\/wp-content\/uploads\/2023\/06\/2-adorable-pareja-senior-algo-tiempo-calidad-al-aire-libre-300x179.jpg 300w\" sizes=\"auto, (max-width: 585px) 100vw, 585px\" \/>        <\/div>\n        <div class=\"qode-workflow-text\">\n            <span class=\"circle\" style=\"border-color:#858274;background-color:#858274;\"><\/span>\n                            <h2>Comienzo de la Relaci\u00f3n<\/h2>\n                                        <h3 class=\"qode-workflow-subtitle\">Verano de 2019<\/h3>\n                                        <p class=\"text\">Una tarde envuelta en susurros de brisa, Rafael reuni\u00f3 todo su valor y acerc\u00f3 su coraz\u00f3n tembloroso al o\u00eddo de Emilia. Con palabras tiernas que danzaban como p\u00e9talos al viento, le confes\u00f3 los latidos sinceros que desbordaban su pecho. Sus palabras, un canto de promesas y anhelos, se entrelazaron en un suspiro que pint\u00f3 el firmamento de complicidad. Y en ese momento sagrado, Rafael le pidi\u00f3 a Emilia que caminaran juntos por el sendero de la vida, enlazando sus manos y compartiendo los sue\u00f1os que ahora florec\u00edan en sus corazones unidos. Y ella, con l\u00e1grimas de alegr\u00eda, acept\u00f3 aquel regalo divino que el destino les hab\u00eda tejido con hilos de amor.<\/p>\n                    <\/div>\n    <\/div>\n<\/div>\n<div class=\"qode-workflow-item\">\n    <span class=\"line\" style=\"background-color:#858274;\"><\/span>\n    <div class=\"qode-workflow-item-inner \">\n        <div class=\"qode-workflow-image right\">\n            <img loading=\"lazy\" decoding=\"async\" width=\"585\" height=\"350\" src=\"https:\/\/webparamiboda.com\/emiliayrafaelejemplo\/wp-content\/uploads\/2023\/06\/hombre-mujer-mayores-toman-mano-vida-jubilacion-concepto-comunidad-ancianos-primer-plano-pareja-ancianos-juntos-al-aire-libre-centrarse-manos-cerrar-foto-blanco-negro.jpg\" class=\"attachment-full size-full\" alt=\"\" srcset=\"https:\/\/webparamiboda.com\/emiliayrafaelejemplo\/wp-content\/uploads\/2023\/06\/hombre-mujer-mayores-toman-mano-vida-jubilacion-concepto-comunidad-ancianos-primer-plano-pareja-ancianos-juntos-al-aire-libre-centrarse-manos-cerrar-foto-blanco-negro.jpg 585w, https:\/\/webparamiboda.com\/emiliayrafaelejemplo\/wp-content\/uploads\/2023\/06\/hombre-mujer-mayores-toman-mano-vida-jubilacion-concepto-comunidad-ancianos-primer-plano-pareja-ancianos-juntos-al-aire-libre-centrarse-manos-cerrar-foto-blanco-negro-300x179.jpg 300w\" sizes=\"auto, (max-width: 585px) 100vw, 585px\" \/>        <\/div>\n        <div class=\"qode-workflow-text\">\n            <span class=\"circle\" style=\"border-color:#858274;background-color:#858274;\"><\/span>\n                            <h2>Propuesta de Matrimonio<\/h2>\n                                        <h3 class=\"qode-workflow-subtitle\">Marzo de 2023<\/h3>\n                                        <p class=\"text\">En una noche estrellada, bajo el manto celestial, Rafael arrodill\u00f3 su alma ante Emilia. Con los ojos llenos de estrellas y su voz temblorosa, le susurr\u00f3 al viento sus m\u00e1s profundos anhelos. Entre sus dedos, un anillo brillante guardaba el s\u00edmbolo de un amor eterno. El universo, testigo de aquel instante sagrado, se hizo eco de su juramento de lealtad y complicidad. Con palabras tejidas con hilos de emoci\u00f3n y susurros de promesas, Rafael le pidi\u00f3 a Emilia que uniera su vida en un v\u00ednculo sagrado, que caminaran juntos por el sendero del amor, enlazando sus almas y entrelazando sus destinos. Y ella, con l\u00e1grimas de felicidad, le entreg\u00f3 su s\u00ed m\u00e1s preciado, sellando as\u00ed el pacto divino que los unir\u00eda para siempre en el lienzo eterno del matrimonio.<\/p>\n                    <\/div>\n    <\/div>\n<\/div>\n<div class=\"qode-workflow-item\">\n    <span class=\"line\" style=\"background-color:#858274;\"><\/span>\n    <div class=\"qode-workflow-item-inner reverse\">\n        <div class=\"qode-workflow-image right\">\n            <img loading=\"lazy\" decoding=\"async\" width=\"585\" height=\"350\" src=\"https:\/\/webparamiboda.com\/emiliayrafaelejemplo\/wp-content\/uploads\/2023\/06\/4-CARINO1.jpg\" class=\"attachment-full size-full\" alt=\"\" srcset=\"https:\/\/webparamiboda.com\/emiliayrafaelejemplo\/wp-content\/uploads\/2023\/06\/4-CARINO1.jpg 585w, https:\/\/webparamiboda.com\/emiliayrafaelejemplo\/wp-content\/uploads\/2023\/06\/4-CARINO1-300x179.jpg 300w\" sizes=\"auto, (max-width: 585px) 100vw, 585px\" \/>        <\/div>\n        <div class=\"qode-workflow-text\">\n            <span class=\"circle\" style=\"border-color:#858274;background-color:#858274;\"><\/span>\n                            <h2>Contando los D\u00edas<\/h2>\n                                        <h3 class=\"qode-workflow-subtitle\">Ahora<\/h3>\n                                        <p class=\"text\">Como dos ni\u00f1os ansiosos esperando la llegada del amanecer, Emilia y Rafael marcan los d\u00edas con susurros de ilusi\u00f3n. Cada amanecer y cada atardecer son tesoros que acercan el anhelado d\u00eda de la boda. Con cada rayo de sol, se abrazan al tiempo, permitiendo que el coraz\u00f3n palpite al ritmo de la espera. En sus ojos, el brillo de un futuro prometedor se refleja, y entre sus manos entrelazadas, se entiende el lenguaje silencioso de dos almas enamoradas. Mientras las horas vuelan como p\u00e1jaros libres, Emilia y Rafael desaf\u00edan al tiempo, impacientes por unir sus vidas en un abrazo eterno que les promete la dicha de un amor compartido.<\/p>\n                    <\/div>\n    <\/div>\n<\/div>\n<div class=\"qode-workflow-item\">\n    <span class=\"line\" style=\"background-color:#858274;\"><\/span>\n    <div class=\"qode-workflow-item-inner \">\n        <div class=\"qode-workflow-image right\">\n            <img loading=\"lazy\" decoding=\"async\" width=\"585\" height=\"350\" src=\"https:\/\/webparamiboda.com\/emiliayrafaelejemplo\/wp-content\/uploads\/2023\/06\/5-puente-novio-dia-boda.jpg\" class=\"attachment-full size-full\" alt=\"\" srcset=\"https:\/\/webparamiboda.com\/emiliayrafaelejemplo\/wp-content\/uploads\/2023\/06\/5-puente-novio-dia-boda.jpg 585w, https:\/\/webparamiboda.com\/emiliayrafaelejemplo\/wp-content\/uploads\/2023\/06\/5-puente-novio-dia-boda-300x179.jpg 300w\" sizes=\"auto, (max-width: 585px) 100vw, 585px\" \/>        <\/div>\n        <div class=\"qode-workflow-text\">\n            <span class=\"circle\" style=\"border-color:#858274;background-color:#858274;\"><\/span>\n                            <h2>D\u00eda de la Boda<\/h2>\n                                        <h3 class=\"qode-workflow-subtitle\">7. 09. 2024.<\/h3>\n                                        <p class=\"text\">En sus sue\u00f1os entrelazados, Emilia y Rafael pintan el lienzo de su boda con los colores del amor eterno. Se imaginan caminando hacia el altar, envueltos en la melod\u00eda suave de un coraz\u00f3n que late al comp\u00e1s de la felicidad. En su mente, las flores bailan al ritmo de sus sonrisas, y los suspiros se convierten en palabras llenas de promesas. Imaginan sus manos unidas en un abrazo infinito, sellando as\u00ed su compromiso de amarse en cada latido. Y en el brillo de sus miradas, vislumbran un futuro colmado de alegr\u00eda y complicidad, donde cada d\u00eda es una danza de amor inquebrantable.<\/p>\n                    <\/div>\n    <\/div>\n<\/div>\n        <\/div>\n\n        \t\t<\/div>\n\t\t\t\t<\/div>\n\t\t\t\t\t<\/div>\n\t\t<\/div>\n\t\t\t\t\t\t\t<\/div>\n\t\t<\/section>\n\t\t\t\t<section class=\"elementor-section elementor-top-section elementor-element elementor-element-202aa11 elementor-section-full_width elementor-section-height-default elementor-section-height-default parallax_section_no qode_elementor_container_no\" data-id=\"202aa11\" data-element_type=\"section\" data-settings=\"{&quot;background_background&quot;:&quot;classic&quot;}\">\n\t\t\t\t\t\t<div class=\"elementor-container elementor-column-gap-default\">\n\t\t\t\t\t<div class=\"elementor-column elementor-col-100 elementor-top-column elementor-element elementor-element-6d8e1b9\" data-id=\"6d8e1b9\" data-element_type=\"column\">\n\t\t\t<div class=\"elementor-widget-wrap elementor-element-populated\">\n\t\t\t\t\t\t\t\t<div class=\"elementor-element elementor-element-d713677 elementor-widget elementor-widget-text-editor\" data-id=\"d713677\" data-element_type=\"widget\" data-widget_type=\"text-editor.default\">\n\t\t\t\t<div class=\"elementor-widget-container\">\n\t\t\t\t\t\t\t<h5 style=\"text-align: center;\">Aceptamos confirmaciones hasta el 31 de agosto de 2024<\/h5>\t\t\t\t\t\t<\/div>\n\t\t\t\t<\/div>\n\t\t\t\t<div class=\"elementor-element elementor-element-f07b35c elementor-widget elementor-widget-text-editor\" data-id=\"f07b35c\" data-element_type=\"widget\" data-widget_type=\"text-editor.default\">\n\t\t\t\t<div class=\"elementor-widget-container\">\n\t\t\t\t\t\t\t<h1 style=\"text-align: center;\">Por favor, responde a tu invitaci\u00f3n, es solo un momento<\/h1>\t\t\t\t\t\t<\/div>\n\t\t\t\t<\/div>\n\t\t\t\t<div class=\"elementor-element elementor-element-c2a7e9c elementor-widget__width-auto elementor-widget elementor-widget-bridge_button\" data-id=\"c2a7e9c\" data-element_type=\"widget\" data-widget_type=\"bridge_button.default\">\n\t\t\t\t<div class=\"elementor-widget-container\">\n\t\t\t<a  itemprop=\"url\" href=\"https:\/\/webparamiboda.com\/emiliayrafaelejemplo\/rsvp\/\" target=\"_self\"  class=\"qbutton  default\" style=\"\">RSVP<\/a>\t\t<\/div>\n\t\t\t\t<\/div>\n\t\t\t\t\t<\/div>\n\t\t<\/div>\n\t\t\t\t\t\t\t<\/div>\n\t\t<\/section>\n\t\t\t\t\t\t\t<\/div>\n\t\t","protected":false},"excerpt":{"rendered":"<p>El comienzo de un amor verdadero El timeline de nuestra historia Conoce c\u00f3mo surgi\u00f3 esta maravillosa historia de amor, que alcanzar\u00e1 un nuevo cambio de etapa en Septiembre de 2024, y queremos que seas testigo de ello. C\u00f3mo nos conocimos 29. 03. 2019. En el&#8230;<\/p>\n","protected":false},"author":1,"featured_media":0,"parent":0,"menu_order":0,"comment_status":"closed","ping_status":"closed","template":"full_width.php","meta":{"footnotes":""},"class_list":["post-144","page","type-page","status-publish","hentry"],"_links":{"self":[{"href":"https:\/\/webparamiboda.com\/emiliayrafaelejemplo\/wp-json\/wp\/v2\/pages\/144","targetHints":{"allow":["GET"]}}],"collection":[{"href":"https:\/\/webparamiboda.com\/emiliayrafaelejemplo\/wp-json\/wp\/v2\/pages"}],"about":[{"href":"https:\/\/webparamiboda.com\/emiliayrafaelejemplo\/wp-json\/wp\/v2\/types\/page"}],"author":[{"embeddable":true,"href":"https:\/\/webparamiboda.com\/emiliayrafaelejemplo\/wp-json\/wp\/v2\/users\/1"}],"replies":[{"embeddable":true,"href":"https:\/\/webparamiboda.com\/emiliayrafaelejemplo\/wp-json\/wp\/v2\/comments?post=144"}],"version-history":[{"count":9,"href":"https:\/\/webparamiboda.com\/emiliayrafaelejemplo\/wp-json\/wp\/v2\/pages\/144\/revisions"}],"predecessor-version":[{"id":210,"href":"https:\/\/webparamiboda.com\/emiliayrafaelejemplo\/wp-json\/wp\/v2\/pages\/144\/revisions\/210"}],"wp:attachment":[{"href":"https:\/\/webparamiboda.com\/emiliayrafaelejemplo\/wp-json\/wp\/v2\/media?parent=144"}],"curies":[{"name":"wp","href":"https:\/\/api.w.org\/{rel}","templated":true}]}}